mmon divisor of 23419 and n?
11
Let b be 3/(-2) + ((-954)/(-4) - 0). Let k = -118 + b. Suppose s - 2*p = 45, -p + k - 34 = 2*s. Calculate the greatest common factor of 43 and s.
43
Suppose 0 = 341*w - 348*w + 29393. Calculate the greatest common factor of 26 and w.
13
Let c = 170 - 133. Suppose -c*t = -29*t - 8456. What is the highest common factor of 7 and t?
7
Let m(x) = 78*x + 91*x + 88*x + 3 - 244*x. Let d be m(2). Calculate the greatest common factor of d and 29.
29
Suppose 747 + 2160 = 9*u. What is the greatest common divisor of 119 and u?
17
Suppose 2*c - 3*w - 92 = 0, -30 = -3*c + 2*w + 98. What is the greatest common factor of c and 2140?
20
Suppose -1717 = -4*u + r + 1507, u + 5*r = 785. What is the highest common divisor of 230 and u?
115
Let z = -7077 - -7085. What is the greatest common factor of z and 948?
4
Suppose -14*h + 235 = 5*z, 132*z - 3*h + 290 = 137*z. Let k = -235 + 418. What is the highest common divisor of z and k?
61
Let k = 57 + -56. Let z be (42/49 - k) + (-29)/(-7). What is the greatest common divisor of z and 28?
4
Let a(y) = 8*y**2 - 21*y - 20. Let s be 1/(-5) - ((-644)/70 + 5). Let n be a(s). Calculate the greatest common divisor of 42 and n.
6
Let v = 359 + -347. Let t = -686 + 1274. What is the highest common divisor of v and t?
12
Suppose -12*k + 190 = -31*k. Let s be 1*(-28 - -2) - -2. Let w = k - s. What is the greatest common factor of w and 35?
7
Let x(r) = -r**3 - 7*r**2 + 8. Suppose -5*f - 30 = 5. Let s be x(f). Let k(b) = 79*b + 482. Let q be k(-6). Calculate the greatest common divisor of s and q.
8
Let t be 1 + 2 + -1 + 0. Let l be (-85)/((-5)/15 - t/12). What is the highest common factor of 50 and l?
10
Let p(o) = -223*o - 11709. Let n be p(-53). What is the highest common factor of n and 6358?
22
Let s be 20704/192 + (-3)/(-18). Let y be (-30)/(-4) + 1 - 7/14. Calculate the highest common divisor of y and s.
4
Let s(y) = -y**3 - 1334*y**2 + 28 - 3*y + 1318*y**2 + 17. Let f be s(-16). What is the greatest common divisor of f and 93?
93
Suppose 14*v = 605 - 521. Calculate the highest common divisor of 654 and v.
6
Suppose 21*r - 22*r = -3*z + 124, 4*r + 414 = 10*z. What is the highest common divisor of z and 7421?
41
Let z(h) = -3*h + 44. Let r be z(10). Suppose -4*v = 3*b - 169, -389 = -4*b - 2*v - 147. Calculate the highest common divisor of r and b.
7
Let b(z) = -6*z**3 + 8*z**2 + 5*z + 5*z**3 - 1 - 3*z**3 + 2*z**3. Let q be b(4). What is the greatest common factor of q and 171?
19
Suppose 22*i = -6*i - 7728. Let y = i - -320. Calculate the highest common factor of y and 66.
22
Let a = -1662 + 1842. What is the highest common factor of 460 and a?
20
Let v be 12 + 181 - 34/(-2). What is the highest common divisor of v and 66?
6
Let a(p) = -4*p**2 - 24*p + 272. Let q be a(-11). Calculate the highest common divisor of 1287 and q.
13
Let v = -5922 + 5990. Suppose -2*k - k = -816. What is the highest common factor of v and k?
68
Suppose 3*q = -2*f + 38473, -5187 = -2*f + 5*q + 33358. Calculate the greatest common divisor of f and 140.
70
Let d = 159 + -101. Suppose 6*x = d + 278. What is the greatest common divisor of 140 and x?
28
Suppose 16*h + 196 = 2*h. Let n(f) = f**3 + 12*f**2 - 31*f - 31. Let g be n(h). Calculate the highest common divisor of g and 1.
1
Let a(b) = -548*b + 6363. Let o be a(11). What is the highest common divisor of 75 and o?
5
Suppose -22*d + 18*d = -5*t + 337, 5*t + 4*d - 313 = 0. Let l be 26/65 + (13638/15)/2. What is the highest common factor of t and l?
65
Let m = -398 - -618. Suppose -2*j - o + 97 = -0*j, 5*j - m = 2*o. Calculate the highest common factor of 414 and j.
46
Let q = 222 - 204. Let z = 432 + q. Calculate the highest common divisor of z and 18.
18
Let z be 3*(-8)/72 - 2107/(-3). Let w = -637 + z. What is the greatest common divisor of w and 26?
13
Suppose 0*o - 5*o - w - 459 = 0, -4*w = -2*o - 188. Let x = 162 + o. Let c = -34 + x. What is the greatest common divisor of 9 and c?
9
Let o = -11212 + 11347. Calculate the highest common factor of 85 and o.
5
Suppose -5*t + i = 8 - 26, -3*t - 6 = 5*i. Suppose -q = 4*s - 320, t*s = 5*s - 3*q - 160. Let b = s - -72. Calculate the greatest common factor of b and 38.
38
Let q = 23532 - 22636. Calculate the highest common factor of q and 1708.
28
Let w = -12974 - -58230. What is the highest common factor of 8 and w?
8
Suppose d = -2*a + 68, -a = -5*d + 2*a + 379. Let h = d - 54. Calculate the highest common factor of 170 and h.
10
Let k(j) = -j**3 - 20*j**2 + 2*j + 52. Let h be k(-20). Suppose 0 = 3*i - 3*q + 6, 5*i + q - h = i. Calculate the greatest common divisor of 5 and i.
1
Let a = 55 - 25. Suppose -4*x = -6*x + 4. Suppose -c + 8 + x = 0. Calculate the highest common divisor of c and a.
10
Let t = 237 + -132. What is the greatest common divisor of t and 255?
15
Let t(o) = -24*o + 3. Let x be t(9). Let h = 11 - x. Suppose -5*l - 94 = -3*k, l - 73 = -2*k - 19. Calculate the greatest common divisor of k and h.
28
Let n = -12147 - -12553. What is the greatest common divisor of n and 126?
14
Suppose -1325 = -5*i - 3*m, -1102*i + 1106*i + 4*m - 1052 = 0. Calculate the highest common divisor of i and 3551.
67
Suppose 102*g - 3247 = 4301. Calculate the highest common factor of 1961 and g.
37
Let w be (-26)/(-6) + (-2)/(-3). Let g = -1448 + 1453. What is the greatest common divisor of w and g?
5
Suppose 5*w + 38 = 4*q - 72, -5*w = q + 135. Let s = w - -37. Suppose 2*a - 81 = -3*o - a, 4*a = -5*o + 130. What is the greatest common factor of s and o?
11
Let j(i) = -2*i**2 + 16*i - 14. Let x be j(7). Let a be (-24)/4 + 16 + x. Calculate the greatest common factor of 130 and a.
10
Let b be (-96)/(-56)*(-539)/(-44). What is the highest common factor of 2163 and b?
21
Suppose 73*o = 80*o - 301. Suppose 0 = -3*y + x + o, 77 = 5*y - 3*x. Calculate the greatest common factor of y and 299.
13
Let u be ((-192)/14)/(2109/(-78736)). What is the highest common divisor of 96 and u?
32
Let h be (-15)/(315/(-48)) - 6/21. Suppose -2*o = -34 + h. What is the highest common divisor of 848 and o?
16
Suppose -582 = 5*i - d - 3840, 2*d = -6. Suppose 4*z + 66 = 26, u + z = 11. Calculate the highest common divisor of i and u.
21
Suppose 4*z + 38 = 290. Let a(o) = -o**2 + 9*o. Let s be a(8). Suppose s*d + 84 = 10*d. Calculate the greatest common divisor of d and z.
21
Suppose 860*i - 7 = 857*i + m, 4*i = m + 12. Calculate the greatest common divisor of 360 and i.
5
Let g be (-27)/9 + 2 + 7/(21/2610). Calculate the highest common factor of g and 632.
79
Suppose 553 - 49 = 21*s. Let o(x) = -x**3 - 5*x**2 - 4*x - 2. Let v be -6 - ((-4)/2 - -1). Let u be o(v). Calculate the highest common divisor of s and u.
6
Let s(w) = -w**3 + w**2 + 2*w + 972. Suppose 0 = -2*r + 105 - 105. Let y be s(r). Calculate the highest common divisor of y and 36.
36
Let g(h) = -h**2 + 4*h. Let j be g(3). Let c be (1 - (-639)/6)*-15*8/(-100). Calculate the highest common divisor of c and j.
3
Let s(y) = 19*y**2 - 197*y + 169. Let o be s(10). Calculate the highest common divisor of o and 352.
11
Let g(h) = -12*h**3 + 3*h**2 - 4*h - 15. Let l be g(-2). Let s(v) = -6*v + 459. Let k be s(26). What is the greatest common factor of l and k?
101
Suppose 2128 = -70*k + 203*k. What is the greatest common factor of k and 688?
16
Let l = -6843 + 7186. Calculate the highest common divisor of l and 112.
7
Let b = -247 - -256. Suppose 0 = -b*x + 14*x - 25. Calculate the greatest common divisor of x and 25.
5
Suppose 3*w + 5*w = -21*w + 13311. Calculate the highest common divisor of w and 969.
51
Let u = 132 - 2. Let g = u + 39. What is the highest common factor of g and 13?
13
Let b = -25 - -214. Let i = -68 + b. Suppose 2*t + 15 + 28 = 3*f, 2*t = f - 21. What is the highest common factor of f and i?
11
Let w(l) = -21*l + 18. Suppose 0 = m + 7*m - m. Let y be w(m). What is the greatest common divisor of y and 30?
6
Let c(m) = m**3 - 5*m**2 - 3*m - 22. Let v be c(9). Suppose -v = 29*d - 32*d + 5*o, -2*o = 2*d - 178. Calculate the highest common divisor of 12 and d.
6
Let u be ((-20)/14*6)/(5/(-35)). Suppose 0 = 2*m - 0 - 4. Suppose -m*h + 80 = 2*h. Calculate the greatest common factor of u and h.
20
Suppose 4*c - 118 = -2*p, c - 9 = p - 68. Calculate the highest common factor of p and 39